e factors of 816726514.
2, 19, 149, 144247
What are the prime factors of 224110673?
139, 1612307
List the prime factors of 81880621.
23, 3560027
List the prime factors of 2170459577.
11, 13, 47, 6871
What are the prime factors of 23471699?
23471699
What are the prime factors of 167358943?
167358943
List the prime factors of 128637020.
2, 5, 6431851
List the prime factors of 3988340672.
2, 62317823
What are the prime factors of 140932525?
5, 5637301
What are the prime factors of 18748483?
13, 1442191
List the prime factors of 2142585719.
33107, 64717
List the prime factors of 23962897.
7, 3423271
What are the prime factors of 595039966?
2, 4297, 69239
What are the prime factors of 1290033429?
3, 61, 7049363
List the prime factors of 1146740187.
3, 23, 193, 86111
List the prime factors of 61838811.
3, 61, 73, 1543
List the prime factors of 917914101.
3, 13, 23536259
List the prime factors of 2901323962.
2, 3557, 407833
List the prime factors of 2647379.
7, 131, 2887
What are the prime factors of 50271874?
2, 227, 110731
What are the prime factors of 150396580?
2, 5, 157, 211, 227
List the prime factors of 268449210.
2, 3, 5, 17, 10321
What are the prime factors of 120635807?
19, 6349253
List the prime factors of 2009659463.
7, 167, 239, 7193
What are the prime factors of 904155888?
2, 3, 19, 67, 14797
What are the prime factors of 298981511?
19, 193, 81533
List the prime factors of 502111294.
2, 53, 1163, 4073
What are the prime factors of 298299970?
2, 5, 29829997
What are the prime factors of 177981919?
761, 233879
List the prime factors of 21600288.
2, 3, 179, 419
What are the prime factors of 1194278225?
5, 7, 47, 20743
What are the prime factors of 321818520?
2, 3, 5, 751, 3571
What are the prime factors of 93733927?
7, 167, 181, 443
List the prime factors of 1171012243.
1447, 809269
List the prime factors of 5012506901.
31, 47, 3440293
What are the prime factors of 1866367559?
7, 17, 197, 79613
List the prime factors of 194396987.
194396987
List the prime factors of 71197918.
2, 11, 3236269
What are the prime factors of 219313125?
3, 5, 127, 307
What are the prime factors of 7954740471?
3, 30707, 86351
List the prime factors of 254217212.
2, 97, 109, 6011
What are the prime factors of 1278675930?
2, 3, 5, 7, 6088933
What are the prime factors of 132609535?
5, 4759, 5573
What are the prime factors of 137654949?
3, 45884983
What are the prime factors of 3922316570?
2, 5, 6491, 60427
List the prime factors of 196131903.
3, 11, 937, 6343
What are the prime factors of 504114319?
12157, 41467
List the prime factors of 291008327.
1367, 212881
List the prime factors of 2941051155.
3, 5, 7, 41, 97, 7043
List the prime factors of 3686213932.
2, 409, 2253187
What are the prime factors of 161813945?
5, 43, 97, 7759
List the prime factors of 4918129105.
5, 13441, 73181
What are the prime factors of 17159791?
11, 151, 10331
List the prime factors of 2730606746.
2, 7, 53, 311, 11833
List the prime factors of 250543351.
67, 149, 25097
What are the prime factors of 833456899?
11, 137, 553057
List the prime factors of 23111557.
7, 193, 17107
List the prime factors of 214458585.
3, 5, 11, 173, 683
What are the prime factors of 974988065?
5, 194997613
What are the prime factors of 2082345495?
3, 5, 4337, 32009
List the prime factors of 30173767.
13, 19, 9397
List the prime factors of 442585916.
2, 2087, 53017
What are the prime factors of 6789980?
2, 5, 211, 1609
What are the prime factors of 2210201353?
19, 23, 5057669
List the prime factors of 3215645938.
2, 229, 389, 18049
List the prime factors of 45940667.
31, 47, 31531
List the prime factors of 36745182.
2, 3, 353, 5783
What are the prime factors of 112616588?
2, 7, 4022021
What are the prime factors of 596155365?
3, 5, 13, 1019069
What are the prime factors of 3042858193?
3042858193
List the prime factors of 596908355.
5, 4649, 25679
What are the prime factors of 276919654?
2, 11, 12587257
List the prime factors of 1152236063.
11, 104748733
What are the prime factors of 404348321?
13, 37, 61, 13781
List the prime factors of 20031097.
37, 541381
List the prime factors of 110334549.
3, 13, 31, 263, 347
What are the prime factors of 1862089747?
7, 17, 919, 17027
List the prime factors of 3602237803.
53, 227, 1319
List the prime factors of 365705309.
17, 61, 71, 4967
What are the prime factors of 156522302?
2, 103, 673, 1129
List the prime factors of 661131256.
2, 82641407
List the prime factors of 29693642.
2, 11, 122701
List the prime factors of 1776893996.
2, 71, 6256669
List the prime factors of 1841872780.
2, 5, 11, 103, 81283
List the prime factors of 531341636.
2, 7, 18976487
What are the prime factors of 53640527?
2273, 23599
List the prime factors of 7061599.
67, 105397
List the prime factors of 37764143.
53, 712531
What are the prime factors of 77321804?
2, 7, 83, 97
List the prime factors of 63482236.
2, 71, 223529
List the prime factors of 899634472.
2, 11, 101, 127, 797
What are the prime factors of 9885646?
2, 109, 137, 331
List the prime factors of 77872943.
139, 560237
List the prime factors of 634334841.
3, 7, 107, 4481
What are the prime factors of 6199858052?
2, 3547, 436979
List the prime factors of 2939846.
2, 7, 13, 29, 557
What are the prime factors of 915730393?
915730393
List the prime factors of 588896314.
2, 4273, 68909
List the prime factors of 3303313.
13, 103, 2467
List the prime factors of 8056877.
23, 149, 2351
What are the prime factors of 2532387192?
2, 3, 251, 420383
What are the prime factors of 466701416?
2, 58337677
What are the prime factors of 52427221?
7, 11, 680873
What are the prime factors of 4314144292?
2, 151, 7142623
List the prime factors of 503271903.
3, 167757301
What are the prime factors of 144764326?
2, 7, 1477187
List the prime factors of 30601228.
2, 7, 1092901
List the prime factors of 89988544.
2, 1406071
List the prime factors of 8695926123.
3, 691, 4194851
List the prime factors of 832851746.
2, 2029, 205237
List the prime factors of 502434997.
7417, 67741
List the prime factors of 1467608.
2, 183451
What are the prime factors of 2667061793?
11, 2003803
List the prime factors of 428426924.
2, 107106731
List the prime factors of 1065545053.
15647, 68099
What are the prime factors of 267054874?
2, 6829, 19553
List the prime factors of 35770764.
2, 3, 67, 44491
List the prime factors of 239377409.
19, 1753, 7187
List the prime factors of 11889804.
2, 3, 23, 1873
What are the prime factors of 101603348?
2, 7, 11, 107, 3083
List the prime factors of 264232863.
3, 29359207
List the prime factors of 47798382.
2, 3, 7966397
What are the prime factors of 340760958?
2, 3, 56793493
What are the prime factors of 493152103?
493152103
List the prime factors of 90979385.
5, 7, 103, 25237
List the prime factors of 18815558.
2, 127, 74077
What are the prime factors of 34359116?
2, 11, 780889
What are the prime factors of 50439509?
19, 2654711
List the prime factors of 195874718.
2, 13, 43, 13477
What are the prime factors of 171129546?
2, 3, 7, 1358171
List the prime factors of 1669886.
2, 557, 1499
What are the prime factors of 6371499121?
13, 19, 929, 27767
What are the prime factors of 162777283?
59, 2758937
List the prime factors of 951280843.
97, 9807019
List the prime factors of 1654583848.
2, 206822981
List the prime factors of 120532360.
2, 5, 13, 193, 1201
What are the prime factors of 421693649?
13, 32437973
List the prime factors of 969931.
19, 71, 719
What are the prime factors of 390030623?
31, 131, 96043
What are the prime factors of 44555166?
2, 3, 2475287
What are the prime factors of 483285236?
2, 7, 1453, 1697
What are the prime factors of 132486197?
132486197
List the prime factors of 2716551.
3, 100613
List the prime factors of 5759766338.
2, 24229, 118861
List the prime factors of 94497241.
19, 4973539
List the prime factors of 2351576880.
2, 3, 5, 1088693
What are the prime factors of 1672940508?
2, 3, 211, 660719
What are the prime factors of 694214780?
2, 5, 7, 19, 260983
What are the prime factors of 83597670?
2, 3, 5, 13, 17, 467
List the prime factors of 220227297.
3, 293, 250543
List the prime factors of 111753452.
2, 163, 171401
List the prime factors of 2406171933.
3, 11, 23, 163, 2161
List the prime factors of 907498258.
2, 23, 1